e highest common divisor of 66487351 and 21.
7
What is the greatest common factor of 3834768 and 11514?
606
What is the highest common factor of 37514732 and 56?
4
What is the highest common divisor of 2164580 and 14740?
220
Calculate the highest common factor of 1218 and 71849211.
609
What is the greatest common divisor of 54 and 8629602?
6
What is the greatest common factor of 104 and 15857280?
8
Calculate the highest common factor of 643309 and 10961.
113
Calculate the highest common divisor of 60496 and 7008.
16
What is the highest common factor of 6586 and 18509508?
178
Calculate the greatest common factor of 513 and 2223261.
27
Calculate the greatest common factor of 673815 and 1108815.
435
Calculate the highest common divisor of 16717673 and 12691.
1813
Calculate the greatest common divisor of 83880 and 49140.
180
What is the greatest common factor of 37630 and 104319900?
530
Calculate the greatest common divisor of 712580436 and 216.
108
What is the greatest common factor of 49269 and 626241?
33
Calculate the greatest common factor of 1277175436 and 4.
4
Calculate the greatest common divisor of 1698 and 8400.
6
Calculate the greatest common divisor of 21491928 and 4278.
186
Calculate the greatest common divisor of 12576 and 14816.
32
Calculate the greatest common divisor of 490 and 453880.
70
What is the highest common factor of 4117986 and 15768?
54
Calculate the highest common divisor of 1325016 and 297.
99
What is the greatest common divisor of 140426242 and 1192?
298
Calculate the highest common divisor of 256275 and 32850.
225
Calculate the highest common factor of 1034 and 7813652.
22
What is the highest common divisor of 1679 and 16750739?
23
What is the highest common divisor of 2960998 and 78926?
2546
Calculate the highest common factor of 870 and 250695.
15
Calculate the greatest common divisor of 1118575 and 1710.
5
What is the highest common divisor of 32275 and 36815447?
1291
Calculate the greatest common divisor of 474199 and 726.
121
Calculate the highest common factor of 64049812 and 148.
148
Calculate the highest common divisor of 3012106 and 15914.
218
Calculate the greatest common divisor of 4928261 and 52.
13
What is the greatest common divisor of 952 and 568890?
14
What is the highest common factor of 139624 and 116808?
248
Calculate the greatest common divisor of 6 and 5093019.
3
What is the greatest common factor of 25315346 and 238?
238
What is the highest common factor of 1949443 and 59987?
269
What is the highest common factor of 1100 and 505850?
50
Calculate the greatest common factor of 199 and 343628225.
199
What is the highest common divisor of 32 and 2278616?
8
What is the highest common factor of 3233 and 817631?
53
Calculate the highest common factor of 129 and 43602430.
43
What is the greatest common factor of 330093950 and 145?
145
Calculate the highest common factor of 2169743072 and 434.
434
Calculate the highest common divisor of 30698498 and 323.
17
What is the highest common factor of 22761 and 17496?
81
What is the greatest common factor of 802 and 121022602?
802
Calculate the greatest common factor of 1794258 and 162.
54
Calculate the greatest common factor of 1033192 and 149668.
4828
What is the greatest common divisor of 33056 and 2584566?
2066
Calculate the highest common factor of 137163 and 1019460.
39
Calculate the greatest common divisor of 63 and 29409401.
7
Calculate the highest common divisor of 28825128 and 66424.
2888
What is the greatest common factor of 264737283 and 43?
43
Calculate the highest common factor of 743877 and 81.
27
Calculate the highest common factor of 536 and 35830528.
536
Calculate the highest common divisor of 4275 and 938250.
225
What is the highest common divisor of 1670 and 18555203?
167
What is the greatest common factor of 1024612 and 3348?
124
Calculate the greatest common factor of 657 and 163373781.
219
What is the highest common divisor of 422199 and 36?
9
What is the highest common factor of 16546250 and 5208?
434
What is the highest common factor of 725 and 563382565?
145
What is the highest common divisor of 225512 and 12648807?
4027
Calculate the greatest common factor of 9376 and 77752824.
2344
Calculate the greatest common divisor of 900239 and 2641.
19
Calculate the highest common factor of 414 and 1450494.
18
Calculate the highest common divisor of 157986010 and 455.
455
Calculate the highest common divisor of 4538708 and 424.
212
Calculate the greatest common divisor of 276627 and 442.
13
What is the greatest common divisor of 47887016 and 664?
664
Calculate the highest common divisor of 672 and 60862578.
42
Calculate the greatest common divisor of 264084 and 726604.
1492
What is the highest common factor of 83255 and 40?
5
What is the highest common factor of 2839469011 and 149?
149
What is the greatest common divisor of 1530 and 7270695?
45
Calculate the greatest common factor of 65341 and 314759.
181
What is the highest common divisor of 14 and 1999898558?
14
What is the highest common divisor of 355138 and 259?
7
What is the greatest common factor of 527 and 227170728?
527
What is the highest common divisor of 121 and 3054227?
11
What is the highest common divisor of 77906441 and 27366?
4561
Calculate the greatest common factor of 4776 and 206554836.
2388
Calculate the greatest common factor of 80621227 and 471.
157
What is the greatest common divisor of 58282 and 99218?
14
What is the greatest common divisor of 29940 and 905145?
15
Calculate the greatest common divisor of 2177 and 10427830.
2177
Calculate the greatest common divisor of 75739 and 623783.
851
Calculate the highest common divisor of 46913 and 35776.
43
What is the greatest common factor of 3757722 and 9699?
183
What is the highest common factor of 22983 and 808806?
489
What is the highest common divisor of 2274446196 and 27?
27
Calculate the greatest common factor of 3263040 and 2145.
165
What is the highest common divisor of 40943476 and 42?
14
Calculate the highest common divisor of 800 and 25969824.
32
Calculate the greatest common factor of 1006703 and 561189.
661
What is the highest common factor of 102 and 81829738?
34
What is the greatest common factor of 35577 and 362805?
201
Calculate the highest common factor of 20423 and 81297679.
1571
Calculate the greatest common factor of 33940348 and 234.
26
Calculate the greatest common factor of 184 and 291371452.
92
What is the highest common divisor of 1464 and 63561512?
488
What is the highest common factor of 112499 and 20628?
191
Calculate the greatest common divisor of 1342 and 534848.
122
What is the greatest common factor of 918 and 934082?
34
What is the greatest common divisor of 61507631 and 14267?
1297
Calculate the greatest common factor of 5890 and 1080970.
310
Calculate the greatest common divisor of 468975 and 4355825.
925
Calculate the highest common divisor of 3450 and 125166.
138
Calculate the highest common factor of 24547081 and 1521.
169
What is the greatest common divisor of 3516279 and 754?
377
Calculate the highest common divisor of 14511 and 4494.
21
Calculate the greatest common divisor of 122 and 1364397614.
122
What is the highest common factor of 116 and 6908438?
58
What is the greatest common factor of 82239471 and 5976?
747
Calculate the greatest common divisor of 40 and 679961080.
40
Calculate the greatest common divisor of 87936 and 1810272.
96
What is the highest common factor of 133528217 and 17?
17
Calculate the highest common factor of 784426 and 6.
2
Calculate the highest common factor of 24663486 and 9496.
2374
What is the greatest common factor of 6799758 and 79002?
798
Calculate the highest common factor of 2534448 and 4712.
152
Calculate the highest common divisor of 3380104 and 4550.
182
What is the greatest common divisor of 345017925 and 14?
7
What is the greatest common divisor of 372599156 and 4?
4
Calculate the greatest common factor of 157645 and 101475.
205
What is the greatest common factor of 14968689 and 21?
3
What is the greatest common factor of 10854 and 61873227?
5427
Calculate the highest common divisor of 4279638 and 2379.
183
What is the greatest common divisor of 2668495 and 5?
5
Calculate the greatest common divisor of 13 and 4910737.
13
What is the highest c